 q(-5).
8
Let a(i) = -2*i**2 - 25*i - 10. Let k(h) = -h**2 - 13*h - 5. Let u(g) = -6*a(g) + 11*k(g). Give u(-7).
5
Let h = -170 - -175. Let y(s) = 3*s - 11. Give y(h).
4
Let p(v) = -v**2 - 51*v + 5. Let o(w) = -w**2 - 42*w + 5. Let t(s) = -6*o(s) + 5*p(s). Let h be (2/(-5))/((-3)/30). Calculate t(h).
-1
Let h(r) = 2*r**2 - 13*r - 4. Let f = -398 - -407. What is h(f)?
41
Suppose 4*t - 15 = 5*l + 3, 3*l + 4*t = -30. Let v(d) = -d**3 - 6*d**2 - 4*d - 14. What is v(l)?
10
Let w be (1/(-2))/(6/((-288)/8)). Let h(i) = 5*i**3 - 2*i**2 - 3*i + 2. Let d(t) = 11*t**3 - 4*t**2 - 6*t + 4. Let r(x) = 4*d(x) - 9*h(x). Calculate r(w).
-2
Suppose -30 = 106*z - 116*z. Suppose -p = p - 6, -3*p = i - 17. Suppose -5*c = i - z. Let t(u) = -9*u**3 - 2*u - 1. Give t(c).
10
Suppose 2*s + 5*y + 0*y = 18, 3*y + 27 = 3*s. Let n be (6/s)/(17/(-3) + 5). Let v(m) = 0*m - m + 0*m. What is v(n)?
1
Let f = -6856 - -3972. Let k be 1 + 14/(-10) + f/515. Let t(p) = -7*p**2 - 7*p - 1. Let c(h) = 11*h**2 + 10*h + 1. Let j(v) = -5*c(v) - 8*t(v). Give j(k).
3
Suppose -5*o - 4*m + 40 = 0, o - 4*m + 0*m + 16 = 0. Let h(p) = 2*p**2 - 7*p + 4. What is h(o)?
8
Let c = 23 + -20. Let h = 1 + -6. Let a(b) = -8*b**3 - 2*b**2 + 3*b + 1. Let v(o) = -15*o**3 - 4*o**2 + 5*o + 2. Let g(u) = c*v(u) + h*a(u). Determine g(-1).
4
Let a(m) = m**3 - 2*m + 2. Let p = 51 + -47. Suppose -j - 5*w = -p*j + 6, 0 = 2*w. Calculate a(j).
6
Let t(f) be the first derivative of 14*f**3/3 - f**2/2 + f - 100. Let i(r) = -r**2 + 11*r - 9. Let c be i(10). Calculate t(c).
14
Let n(g) be the third derivative of 3*g**4/4 - 5*g**3/6 + 23*g**2. Let p(d) = 18*d - 6. Let x(k) = -6*n(k) + 5*p(k). Calculate x(-1).
18
Let z(p) = -p**2 + 5*p + 8. Let j be (-234)/(-30) + (-7)/(-35). Calculate z(j).
-16
Let z = -13 - -13. Suppose z = 4*k - 3*q - 11, 0 = -k - 2*k + 2*q + 8. Let b(a) = 1 + a - a - k*a. What is b(3)?
-5
Let i(q) = 13*q - 12. Let m be 8 + (-5 - ((-5)/1 + 3)). Give i(m).
53
Let b = 1 + -1. Let y(h) be the first derivative of -1/3*h**3 + 0*h**2 + 4*h - 3. Give y(b).
4
Let q(r) = r**2 - 5*r + 15. Let a(d) = -d**2 + 4*d - 14. Let o(b) = -6*a(b) - 5*q(b). Let i(h) be the first derivative of o(h). Calculate i(-3).
-5
Let s(z) = z**2 - 2*z + 2. Let r(u) = u**2 - 3*u + 2. Let n(w) = -3*r(w) + 4*s(w). Give n(4).
22
Let a(p) be the second derivative of p**4/12 - 4*p**3/3 + 11*p**2/2 - 25*p. Determine a(5).
-4
Let i = -24 + 48. Let k be (6/i)/(2/104). Let g = k - 12. Let q(s) = -s. Determine q(g).
-1
Let d(c) = 2*c**2 - 3. Let g(x) = -5*x**2 + 7. Let y(a) = 7*d(a) + 3*g(a). Suppose 3*o - 6 = -5*s, 2 = -s + 5. Calculate y(o).
-9
Let r(y) = y**2 - 7*y - 7. Suppose g = -0*g. Let z be 2 + g - 1 - -3. Suppose 4 = o - z. Calculate r(o).
1
Let k(j) be the second derivative of -j**4/12 + j**3 - 7*j - 1. Determine k(5).
5
Let y(a) = -a + a + 4 - a. Let l be (-6)/4*32/(-12). Suppose -3*b - 18 = -4*b + l*j, -j + 9 = 2*b. Give y(b).
-2
Let x(r) = 3*r**2 - r - 1. Suppose 0 = -3*a + a + 8. Let d = a + -1. Let c be (1 + d + -3)*-1. Calculate x(c).
3
Let l(g) = 2 + 1 + 5*g + g**2 + 0. Let w(q) = q**2 - 5*q - 1. Let x(i) = -i**3 + 3*i**2 + 10*i + 4. Let s be x(5). Let t be w(s). What is l(t)?
3
Let o(k) be the first derivative of k**4/4 - 8*k**3/3 + 7*k**2/2 - k - 110. Determine o(6).
-31
Let g(s) = s**3 + 4*s**2 + 3*s + 5. Let k be (-642)/4 - 10/20. Let d = k - -157. What is g(d)?
-7
Let o = 19 - 16. Suppose -7*c + o*c - 5 = -w, 3*c = w - 5. Let r(a) = 2 - 4*a**3 + w*a**3 + a**2 - a + 2 + 0*a. Determine r(0).
4
Let t(g) = -3*g**3 + 22*g**2 + g - 76. Let i(k) = -k**3 + 7*k**2 + k - 26. Let p(v) = -17*i(v) + 6*t(v). Give p(12).
-2
Let z be 2/(-4)*2/1. Let s(l) = -18*l**2 - l - 1. What is s(z)?
-18
Let s(x) = 2*x**2 - 5*x - 1. Let f(y) = 1. Let q(r) = r**2 - 9*r - 31. Let p(j) = -5*f(j) - q(j). Let g be p(11). Calculate s(g).
11
Let h be 4/34 + 936/136. Let r(y) = 5*y**3 + 14*y - 3. Let v(s) = -s**3 + s**2 - s - 1. Let m(x) = -r(x) - 6*v(x). What is m(h)?
2
Let m(j) = j**2 - 12*j - 14. Let c be m(17). Let i = c - 73. Let x(r) = 4*r - 1 + 0 - 2*r. Determine x(i).
-5
Let m(u) = -3*u. Let l(p) = -p**2 - p + 17. Let y be l(-5). Give m(y).
9
Suppose -4*o = 3*g - 5, -3*o = -0*o - g + 6. Let c be (0 + -1 - o)/2. Let a be (c/4)/(-2) + 4. Let x(b) = -2*b + 2. What is x(a)?
-6
Let a(y) = -y**2 + y + 1. Let n(s) = s**3 - 9*s**2 + 7*s + 7. Let k = 29 - 33. Let w(r) = k*a(r) + n(r). Give w(4).
-1
Let s(l) = 2*l - 6. Let g be ((-240)/192)/(1/4). What is s(g)?
-16
Suppose -2*g = -g - 1. Let w(z) = 0*z - g - z + 5. Suppose 0 = 5*f - 5*v, 4*f - 2*v = 6 + 2. Calculate w(f).
0
Let a(p) = p**3 + 9*p**2 - 3*p + 7. Let y be a(-9). Suppose 3*u - y + 6 = -4*h, -8 = -2*u. Let m(i) = i**3 - 4*i**2 + 3*i - 5. What is m(h)?
7
Suppose 413*g + 3 = 412*g. Let j(r) be the third derivative of r**4/12 - r**3/6 + 3*r**2. Determine j(g).
-7
Let g(f) = f**2 - f + 1. Let n(j) = 8*j**2 - 9*j + 8. Let i(k) = -6*g(k) + n(k). What is i(2)?
4
Let f(l) = 10*l - 11. Let d(y) = 10*y - 13. Let c(m) = -5*d(m) + 6*f(m). Determine c(1).
9
Suppose 3*f + 5*s = -34, -24*f = -26*f - 4*s - 26. Let j(y) = 4*y - 4 - y - 2*y. What is j(f)?
-7
Let s(a) = -2*a**2 + 42*a - 41. Let q be (8484/20)/21 - 1/5. What is s(q)?
-1
Let f = -22 + 40. Let i = f + -24. Let c(t) = t**3 + 7*t**2 + 7*t + 7. Give c(i).
1
Suppose -y - 2 = -2*y. Let b(f) be the first derivative of 0*f - 4 - 3/2*f**2. Calculate b(y).
-6
Let n(m) be the first derivative of m**4/4 - 2*m**3 + 7*m**2/2 + m - 5. Let d = -12 - -24. Let j = d + -7. What is n(j)?
11
Let p = 2215 + -2202. Let w(u) be the first derivative of -1/3*u**3 + p + 3*u**2 - 2*u. Give w(5).
3
Let s(c) = 2*c**3 - c + 1. Let x(n) = -17*n**3 - n**2 + 7*n - 6. Let b(p) = 5*s(p) + x(p). Give b(1).
-7
Let m = -25 + 38. Let a(j) = -3 - 14*j + m*j - 3. Give a(-6).
0
Let x(j) = -5557*j - 3*j**2 + 4 + 2779*j + 2770*j. Calculate x(-4).
-12
Let m(a) = -a - 7. Suppose 18*r = -0*r + 54. Suppose 0*b + 27 = -r*b. What is m(b)?
2
Let p(a) be the first derivative of a**4/4 + 4*a**3/3 + a**2/2 - 3*a + 45. Calculate p(-4).
-7
Let o(w) = 3*w + 4. Let x = 16 + -13. Let f(i) = -3*i - i**2 - i**2 - 3*i**2 - 1 - i**x. Let k be f(-4). Determine o(k).
-11
Let r(t) = 0*t - 1 - 13*t + 10*t + 5*t. Let k(i) = -i**2 - 9*i + 5. Let h be k(-9). Determine r(h).
9
Let h be 33/(-3)*(4 + -3). Let o = 43 + h. Suppose -t = -2*t - 5, o = 3*x - 4*t. Let q(v) = v**3 - 5*v**2 + 5*v - 5. Give q(x).
-1
Let a(r) = -3 + 7 + 0 + r. Let f(d) = -61*d - 122. Let l be f(-2). Calculate a(l).
4
Let z = 13 + -7. Suppose h + h = z. Let d(x) be the first derivative of x**3/3 - 5*x**2/2 + 2*x - 1. What is d(h)?
-4
Let q = -973 - -977. Let s(g) be the third derivative of -7*g**2 + 1/24*g**q + 0 + 0*g + g**3. What is s(0)?
6
Let l = 4 + -2. Let c(t) = 3 - 7 + 3 + 2. Let x(v) = -2*v - 10. Let p(b) = -10*c(b) - x(b). Calculate p(l).
4
Suppose -13*z = -15 - 24. Let x(j) = j. Let p(s) = -2*s - s - 3*s + 2. Let o(f) = -p(f) - 2*x(f). Determine o(z).
10
Let u(r) = -8 + 7*r - 6*r - 1 + 2*r. Let w be u(2). Let s(d) = 2*d**2 + 4*d**3 - 3*d**3 + d - 3 + d**2. What is s(w)?
-6
Let l(s) be the third derivative of -s**5/10 - s**4/24 - 27*s**2 - 3. Determine l(-1).
-5
Let y(b) be the third derivative of b**4/24 - 5*b**3/6 - 2*b**2. Let j be y(7). Let o(h) = -2*h**2 - 4*h + 10 + 6*h**j - 4 - 3*h**2. What is o(4)?
6
Let j(h) = -10*h**3 + 2*h + 1. Let w be (-3)/((-48)/4)*4/(-1). Let l be w - (-8)/44 - 4/22. What is j(l)?
9
Let h = -8 + 8. Let k(g) be the second derivative of g**3/6 - g**2/2 - 8*g. Let d(x) = x**3 + x**2 + 4*x - 22. Let l(b) = d(b) - 5*k(b). Give l(h).
-17
Suppose 2*g = j + 15, 30*g - 3*j - 10 = 31*g. Let t(y) = -y**3 + 6*y**2 - 3*y - 7. Give t(g).
3
Let d(u) = 6*u**2 - 16*u + 17. Let p be d(1). Let q(l) = l**3 - 6*l**2 - 9*l + 2. What is q(p)?
-12
Let k(q) = 1 - 55923*q + 8*q**3 + 55924*q + 3*q**2 - 2*q**2. Calculate k(-1).
-7
Suppose 8*a = -6 + 30. Let q(l) be the third derivative of 1/60*l**5 - 7*l**2 + 0 + 1/6*l**a + 0*l + 1/4*l**4. Calculate q(-6).
1
Let q(n) = 7*n**2 + 10*n - 2. Let r(y) = -15*y**2 - 22*y + 4. Let p(w) = 13*q(w) + 6*r(w). Determine p(3).
1
Let w(n) = 6*n**3 + 4*n**2 - 13*n - 2. Let f(m) = 5*m**3 + 4*m**2 - 12*m - 2. Let x(u) = -5*f(u) + 4*w(u). Determine x(-6).
26
Suppose v + 2*h - 52 = -4*v, -v - 2*h = -4. Let 